{"id":6324,"date":"2020-04-01T14:58:41","date_gmt":"2020-04-01T14:58:41","guid":{"rendered":"http:\/\/www.lyc-auffray-clichy.ac-versailles.fr\/?page_id=6324"},"modified":"2022-06-11T11:09:07","modified_gmt":"2022-06-11T11:09:07","slug":"baccalaureat-sciences-et-technologies-de-la-sante-et-du-social-st2s","status":"publish","type":"page","link":"https:\/\/lyc-auffray-clichy.ac-versailles.fr\/index.php\/les-formations\/baccalaureat-sciences-et-technologies-de-la-sante-et-du-social-st2s\/","title":{"rendered":"BACCALAUR\u00c9AT TECHNOLOGIQUE : SCIENCES ET TECHNOLOGIES DE LA SANTE ET DU SOCIAL"},"content":{"rendered":"<div class=\"l-submain\"><div class=\"l-submain-h g-html i-cf\">[vc_row full_width=&#8221;stretch_row&#8221; css_animation=&#8221;none&#8221; row_id=&#8221;BAC_tech_st2s&#8221; el_id=&#8221;BAC_tech_st2s&#8221;][vc_column][vc_row_inner][vc_column_inner width=&#8221;11\/12&#8243;][vc_column_text css_animation=&#8221;top-to-bottom&#8221;]\n<h1><strong>BACCALAUR\u00c9AT TECHNOLOGIQUE :<\/strong> SCIENCES ET TECHNOLOGIES DE LA SANTE ET DU SOCIAL (ST2S)<\/h1>\n[\/vc_column_text][\/vc_column_inner][\/vc_row_inner][\/vc_column][\/vc_row][vc_section][vc_row gap=&#8221;30&#8243; equal_height=&#8221;yes&#8221;][vc_column css=&#8221;.vc_custom_1498047491559{border-radius: 5px !important;}&#8221;][vc_column_text]\n<p style=\"text-align: justify\">Le <strong>Baccalaur\u00e9at Technologique Sciences et Technologies de la sant\u00e9 et du social (ST2S)\u00a0<\/strong>s&#8217;adresse aux \u00e9l\u00e8ves int\u00e9ress\u00e9s par les questions sanitaires et sociales du monde contemporain et qui ont un projet professionnel tourn\u00e9 vers les m\u00e9tiers du secteur de la sant\u00e9 ou du social.<\/p>\n<p style=\"text-align: justify\">Le <strong>Baccalaur\u00e9at Technologique Sciences et Technologies de la sant\u00e9 et du social (ST2S)\u00a0<\/strong>se d\u00e9roule sur 2<strong>\u00a0ann\u00e9es<\/strong> de formation, apr\u00e8s une classe de 2nde g\u00e9n\u00e9rale, au cours desquelles l&#8217;\u00e9l\u00e8ve suit\u00a0des cours d\u2019enseignement <strong>g\u00e9n\u00e9ral<\/strong>\u00a0et <strong>technologique<\/strong> en <strong>groupe<\/strong> et en <strong>classe enti\u00e8re<\/strong>.<\/p>\n[\/vc_column_text][vc_column_text]<a ref=\"magnificPopup\" href=\"https:\/\/lyc-auffray-clichy.ac-versailles.fr\/wp-content\/uploads\/sites\/134\/2021\/03\/coefficients-nouveau-bac-techno.jpg\"><img loading=\"lazy\" decoding=\"async\" class=\"alignnone wp-image-6997\" src=\"https:\/\/lyc-auffray-clichy.ac-versailles.fr\/wp-content\/uploads\/sites\/134\/2021\/03\/coefficients-nouveau-bac-techno-300x183.jpg\" alt=\"\" width=\"429\" height=\"262\" srcset=\"https:\/\/lyc-auffray-clichy.ac-versailles.fr\/wp-content\/uploads\/sites\/134\/2021\/03\/coefficients-nouveau-bac-techno-300x183.jpg 300w, https:\/\/lyc-auffray-clichy.ac-versailles.fr\/wp-content\/uploads\/sites\/134\/2021\/03\/coefficients-nouveau-bac-techno-768x468.jpg 768w, https:\/\/lyc-auffray-clichy.ac-versailles.fr\/wp-content\/uploads\/sites\/134\/2021\/03\/coefficients-nouveau-bac-techno-465x283.jpg 465w, https:\/\/lyc-auffray-clichy.ac-versailles.fr\/wp-content\/uploads\/sites\/134\/2021\/03\/coefficients-nouveau-bac-techno-350x213.jpg 350w, https:\/\/lyc-auffray-clichy.ac-versailles.fr\/wp-content\/uploads\/sites\/134\/2021\/03\/coefficients-nouveau-bac-techno.jpg 1024w\" sizes=\"auto, (max-width: 429px) 100vw, 429px\" \/><\/a><a ref=\"magnificPopup\" href=\"https:\/\/lyc-auffray-clichy.ac-versailles.fr\/wp-content\/uploads\/sites\/134\/2021\/03\/horaires-sthr.jpg\">\u00a0 <\/a><a ref=\"magnificPopup\" href=\"https:\/\/lyc-auffray-clichy.ac-versailles.fr\/wp-content\/uploads\/sites\/134\/2021\/03\/horaires-st2s.jpg\"><img loading=\"lazy\" decoding=\"async\" class=\"alignnone wp-image-7013\" src=\"https:\/\/lyc-auffray-clichy.ac-versailles.fr\/wp-content\/uploads\/sites\/134\/2021\/03\/horaires-st2s-300x231.jpg\" alt=\"\" width=\"340\" height=\"262\" srcset=\"https:\/\/lyc-auffray-clichy.ac-versailles.fr\/wp-content\/uploads\/sites\/134\/2021\/03\/horaires-st2s-300x231.jpg 300w, https:\/\/lyc-auffray-clichy.ac-versailles.fr\/wp-content\/uploads\/sites\/134\/2021\/03\/horaires-st2s-768x590.jpg 768w, https:\/\/lyc-auffray-clichy.ac-versailles.fr\/wp-content\/uploads\/sites\/134\/2021\/03\/horaires-st2s-465x357.jpg 465w, https:\/\/lyc-auffray-clichy.ac-versailles.fr\/wp-content\/uploads\/sites\/134\/2021\/03\/horaires-st2s-350x269.jpg 350w, https:\/\/lyc-auffray-clichy.ac-versailles.fr\/wp-content\/uploads\/sites\/134\/2021\/03\/horaires-st2s.jpg 998w\" sizes=\"auto, (max-width: 340px) 100vw, 340px\" \/><\/a>[\/vc_column_text][vc_row_inner][vc_column_inner width=&#8221;1\/2&#8243;][vc_column_text css_animation=&#8221;fadeInDown&#8221;]\n<h3 class=\"subtitle2\">Objectifs de formation<\/h3>\n<ul>\n<li style=\"text-align: justify\"><strong>D\u00e9velopper<\/strong>\u00a0une aptitude \u00e0 travailler en autonomie et \u00e0 pratiquer une r\u00e9flexion critique sur les probl\u00e9matiques du secteur.<\/li>\n<li><strong>Analyser <\/strong>les faits de soci\u00e9t\u00e9 posant des questions sanitaires ou sociales,<\/li>\n<li><strong>Caract\u00e9riser<\/strong> l&#8217;\u00e9tat de sant\u00e9 et de bien-\u00eatre de populations,<\/li>\n<li><strong>Comprendre<\/strong> les relations entre les demandes en mati\u00e8re de sant\u00e9 et de vie sociale et les r\u00e9ponses politiques et institutionnelles.<\/li>\n<li style=\"text-align: justify\">Suivre un <strong>enseignement g\u00e9n\u00e9ral<\/strong> avec les \u00e9preuves anticip\u00e9es de fran\u00e7ais en classe de Premi\u00e8re<\/li>\n<li style=\"text-align: justify\">D\u00e9couvrir des mati\u00e8res telles que les <strong>sciences et techniques sanitaires et sociales<\/strong>, la <strong>biologie et physiopathologie humaine<\/strong>\u00a0et les\u00a0<strong>langues<\/strong><\/li>\n<\/ul>\n[\/vc_column_text][vc_column_text css_animation=&#8221;top-to-bottom&#8221;]\n<h3 class=\"subtitle2\">Acc\u00e8s<\/h3>\n<p style=\"text-align: justify\">Le <strong>Baccalaur\u00e9at Technologique ST2S <\/strong>est accessible <strong>apr\u00e8s le coll\u00e8ge<\/strong>, \u00e0 la sortie de la classe de 3\u00e8me, <strong>ou<\/strong> bien <strong>apr\u00e8s une 2nde G\u00e9n\u00e9rale ou Technologique<\/strong>. Dans ce\u00a0dernier cas, l&#8217;acc\u00e8s se fait directement en ann\u00e9e de Premi\u00e8re.<\/p>\n<p>L&#8217;\u00e9l\u00e8ve est inscrit dans l&#8217;<strong>enseignement optionnel &#8220;sant\u00e9 et social&#8221;<\/strong> en classe de seconde (1h30 par semaine)[\/vc_column_text][vc_column_text css_animation=&#8221;top-to-bottom&#8221;]\n<h3 class=\"subtitle2\">Profil requis<\/h3>\n<ul>\n<li><strong>Autonomie<\/strong><\/li>\n<li><strong>Curiosit\u00e9<\/strong><\/li>\n<li><strong>Esprit critique<\/strong><\/li>\n<li><strong>Esprit d\u2019initiative<\/strong><\/li>\n<li><strong>Sens du contact<\/strong><\/li>\n<li><strong>Aptitude \u00e0 communiquer et \u00e0 travailler en \u00e9quipe<\/strong><\/li>\n<\/ul>\n[\/vc_column_text][\/vc_column_inner][vc_column_inner width=&#8221;1\/2&#8243;][vc_column_text css_animation=&#8221;top-to-bottom&#8221;]\n<div class=\"wpb_text_column wpb_content_element \">\n<div class=\"wpb_wrapper\">\n<h3 class=\"subtitle2\">Les d\u00e9bouch\u00e9s<\/h3>\n<h4><strong>Poursuite d\u2019\u00e9tudes<\/strong><\/h4>\n<h4><strong>BTS et DUT<\/strong><\/h4>\n<p style=\"color: #3cb371\">Dans le domaine de la sant\u00e9<\/p>\n<ul>\n<li><a href=\"https:\/\/lyc-auffray-clichy.ac-versailles.fr\/index.php\/les-formations\/brevet-technicien-superieur-tourisme-2\/\">BTS Di\u00e9t\u00e9tique<\/a><\/li>\n<li>BTS M\u00e9tiers de l&#8217;esth\u00e9tique-cosm\u00e9tique-parfumerie<\/li>\n<li>BTS Opticien-Lunetier<\/li>\n<li>BTS Proth\u00e9siste-Orth\u00e9siste<\/li>\n<li>BTS ABM (Analyses de Biologie M\u00e9dicale)<\/li>\n<li>DTS Imagerie M\u00e9dicale et Radiologie Th\u00e9rapeutique<\/li>\n<\/ul>\n<p style=\"color: #3cb371\">Dans le domaine social<\/p>\n<ul>\n<li>BTS ESF Economie Sociale Familiale<\/li>\n<li>BTS SP3S Services et Prestations des Secteurs Sanitaire et Social<\/li>\n<li>DUT Carri\u00e8res Sociales<\/li>\n<\/ul>\n<h4 style=\"color: #2e8b57\">UNIVERSITE<\/h4>\n<\/div>\n<ul>\n<li>Licence g\u00e9n\u00e9rale puis Master (Sciences Sanitaires et Sociales ou Sciences de l&#8217;Education, Droit&#8230;)<\/li>\n<\/ul>\n<div class=\"wpb_wrapper\">\n<h4 style=\"color: #2e8b57\">ECOLES SP\u00c9CIALIS\u00c9ES<\/h4>\n<p style=\"color: #3cb371\">Dans le domaine de la sant\u00e9<\/p>\n<ul>\n<li>IFSI Institut de Formation en Soins Infirmiers<\/li>\n<li><a href=\"https:\/\/lyc-auffray-clichy.ac-versailles.fr\/index.php\/les-formations\/formation-aide-soignant\/\">IFAS Institut de Formation Aide soignant<\/a><\/li>\n<li><a href=\"https:\/\/lyc-auffray-clichy.ac-versailles.fr\/index.php\/les-formations\/formation-auxiliaire-de-puericulture\/\">IFAP Institut de Formation Auxiliaire de Pu\u00e9riculture<\/a><\/li>\n<\/ul>\n<p style=\"color: #3cb371\">Dans le domaine du social<\/p>\n<ul>\n<li>EFTS Ecole de Formation en Travail Social\n<ul>\n<li>pour devenir travailleur social, assistant de service social, \u00e9ducateur de jeunes enfants ou \u00e9ducateur sp\u00e9cialis\u00e9.<\/li>\n<\/ul>\n<\/li>\n<\/ul>\n<\/div>\n<\/div>\n[\/vc_column_text][\/vc_column_inner][\/vc_row_inner][vc_row_inner][vc_column_inner][vc_empty_space height=&#8221;5px&#8221;][\/vc_column_inner][\/vc_row_inner][vc_row_inner][vc_column_inner][vc_empty_space height=&#8221;5px&#8221;][vc_column_text css_animation=&#8221;top-to-bottom&#8221;]\n<h3 class=\"subtitle2\">Pour en savoir plus<\/h3>\n<p><a href=\"http:\/\/www.onisep.fr\/Choisir-mes-etudes\/Au-lycee-au-CFA\/Vers-le-bac-2021\/Bac-2021-Les-bacs-technologiques\/Le-bac-ST2S-sciences-et-technologies-de-la-sante-et-du-social\"><img loading=\"lazy\" decoding=\"async\" class=\"alignnone size-medium wp-image-6328\" src=\"https:\/\/lyc-auffray-clichy.ac-versailles.fr\/wp-content\/uploads\/sites\/134\/2020\/01\/ONISEP_visuel_banniere-300x118.png\" alt=\"\" width=\"300\" height=\"118\" srcset=\"https:\/\/lyc-auffray-clichy.ac-versailles.fr\/wp-content\/uploads\/sites\/134\/2020\/01\/ONISEP_visuel_banniere-300x118.png 300w, https:\/\/lyc-auffray-clichy.ac-versailles.fr\/wp-content\/uploads\/sites\/134\/2020\/01\/ONISEP_visuel_banniere-465x183.png 465w, https:\/\/lyc-auffray-clichy.ac-versailles.fr\/wp-content\/uploads\/sites\/134\/2020\/01\/ONISEP_visuel_banniere-350x137.png 350w, https:\/\/lyc-auffray-clichy.ac-versailles.fr\/wp-content\/uploads\/sites\/134\/2020\/01\/ONISEP_visuel_banniere.png 764w\" sizes=\"auto, (max-width: 300px) 100vw, 300px\" \/><\/a>[\/vc_column_text][\/vc_column_inner][\/vc_row_inner][\/vc_column][\/vc_row][\/vc_section]\n<\/div><\/div>","protected":false},"excerpt":{"rendered":"<p>[vc_row full_width=&#8221;stretch_row&#8221; css_animation=&#8221;none&#8221; row_id=&#8221;BAC_tech_st2s&#8221; el_id=&#8221;BAC_tech_st2s&#8221;][vc_column][vc_row_inner][vc_column_inner width=&#8221;11\/12&#8243;][vc_column_text css_animation=&#8221;top-to-bottom&#8221;] BACCALAUR\u00c9AT TECHNOLOGIQUE : SCIENCES ET TECHNOLOGIES DE LA SANTE ET DU SOCIAL (ST2S) [\/vc_column_text][\/vc_column_inner][\/vc_row_inner][\/vc_column][\/vc_row][vc_section][vc_row gap=&#8221;30&#8243; equal_height=&#8221;yes&#8221;][vc_column css=&#8221;.vc_custom_1498047491559{border-radius: 5px !important;}&#8221;][vc_column_text] Le Baccalaur\u00e9at Technologique Sciences et Technologies de la sant\u00e9 et du social (ST2S)\u00a0s&#8217;adresse aux<\/p>\n","protected":false},"author":2950,"featured_media":0,"parent":1583,"menu_order":1,"comment_status":"closed","ping_status":"closed","template":"","meta":{"_crdt_document":"","footnotes":""},"categories":[54,58,56],"class_list":["post-6324","page","type-page","status-publish","hentry","category-bac","category-tech","category-prebac"],"_links":{"self":[{"href":"https:\/\/lyc-auffray-clichy.ac-versailles.fr\/index.php\/wp-json\/wp\/v2\/pages\/6324","targetHints":{"allow":["GET"]}}],"collection":[{"href":"https:\/\/lyc-auffray-clichy.ac-versailles.fr\/index.php\/wp-json\/wp\/v2\/pages"}],"about":[{"href":"https:\/\/lyc-auffray-clichy.ac-versailles.fr\/index.php\/wp-json\/wp\/v2\/types\/page"}],"author":[{"embeddable":true,"href":"https:\/\/lyc-auffray-clichy.ac-versailles.fr\/index.php\/wp-json\/wp\/v2\/users\/2950"}],"replies":[{"embeddable":true,"href":"https:\/\/lyc-auffray-clichy.ac-versailles.fr\/index.php\/wp-json\/wp\/v2\/comments?post=6324"}],"version-history":[{"count":10,"href":"https:\/\/lyc-auffray-clichy.ac-versailles.fr\/index.php\/wp-json\/wp\/v2\/pages\/6324\/revisions"}],"predecessor-version":[{"id":7524,"href":"https:\/\/lyc-auffray-clichy.ac-versailles.fr\/index.php\/wp-json\/wp\/v2\/pages\/6324\/revisions\/7524"}],"up":[{"embeddable":true,"href":"https:\/\/lyc-auffray-clichy.ac-versailles.fr\/index.php\/wp-json\/wp\/v2\/pages\/1583"}],"wp:attachment":[{"href":"https:\/\/lyc-auffray-clichy.ac-versailles.fr\/index.php\/wp-json\/wp\/v2\/media?parent=6324"}],"wp:term":[{"taxonomy":"category","embeddable":true,"href":"https:\/\/lyc-auffray-clichy.ac-versailles.fr\/index.php\/wp-json\/wp\/v2\/categories?post=6324"}],"curies":[{"name":"wp","href":"https:\/\/api.w.org\/{rel}","templated":true}]}}