{"id":1661,"date":"2017-02-23T10:59:19","date_gmt":"2017-02-23T10:59:19","guid":{"rendered":"http:\/\/www.lyc-auffray-clichy.ac-versailles.fr\/?page_id=1661"},"modified":"2017-12-01T15:10:25","modified_gmt":"2017-12-01T15:10:25","slug":"acces-mobilite","status":"publish","type":"page","link":"https:\/\/lyc-auffray-clichy.ac-versailles.fr\/index.php\/acces-mobilite\/","title":{"rendered":"Acces &#8211; Contact"},"content":{"rendered":"<div class=\"l-submain\"><div class=\"l-submain-h g-html i-cf\">[vc_row][vc_column][vc_row_inner][vc_column_inner width=&#8221;1\/3&#8243;][vc_column_text]<strong>Lyc\u00e9e ouvert de 9h a 18h<\/strong><br \/>\n<em>sauf le week-end, jours f\u00e9ri\u00e9s, vacance scolaire<\/em><\/p>\n<p>Secr\u00e9tariat : 06 xx xx xx xx<br \/>\nDirecteur : 06 xx xx xx xx[\/vc_column_text][\/vc_column_inner][vc_column_inner width=&#8221;2\/3&#8243;][\/vc_column_inner][\/vc_row_inner][vc_row_inner][vc_column_inner][vc_gmaps link=&#8221;#E-8_JTNDaWZyYW1lJTIwd2lkdGglM0QlMjI2MDAlMjIlMjBoZWlnaHQlM0QlMjI1MDAlMjIlMjBmcmFtZWJvcmRlciUzRCUyMjAlMjIlMjBzY3JvbGxpbmclM0QlMjJubyUyMiUyMG1hcmdpbmhlaWdodCUzRCUyMjAlMjIlMjBzcmMlM0QlMjJodHRwcyUzQSUyRiUyRm1hcHMuZ29vZ2xlLmNvbSUyRm1hcHMlM0ZxJTNEMjMlMjBSdWUlMjBGZXJuYW5kJTIwUGVsbG91dGllciUyQyUyMDkyMTEwJTIwQ2xpY2h5JTJDJTIwRnJhbmNlJTJDJTIwJTI2dCUzRCUyNnolM0QxNCUyNmllJTNEVVRGOCUyNml3bG9jJTNEJTI2b3V0cHV0JTNEZW1iZWQlMjIlMjBtYXJnaW53aWR0aCUzRCUyMjAlMjIlM0UlM0NhJTIwY2xhc3MlM0QlMjJhZGRtYXBzJTIyJTIwaHJlZiUzRCUyMmh0dHAlM0ElMkYlMkZ3d3cubWFwLWVtYmVkLmNvbSUyRnRyJTJGJTIyaWQlM0QlMjJnZXQtbWFwLWRhdGElMjIlMjBtY2VfaHJlZiUzRCUyMmh0dHAlM0ElMkYlMkZtYXBzLmdvb2dsZS5jb20lMkZtYXBzJTJGYXBpJTJGanMlM0ZzZW5zb3IlM0RmYWxzZSUyMiUzRW1hcC1lbWJlZC5jb20lM0MlMkZhJTNFJTNDc3R5bGUlM0UlMjNnbWFwX2NhbnZhcyUyMGltZyU3Qm1heC13aWR0aCUzQW5vbmUlMjFpbXBvcnRhbnQlM0JiYWNrZ3JvdW5kJTNBbm9uZSUyMWltcG9ydGFudCU3RCUzQyUyRnN0eWxlJTNFJTNDJTJGaWZyYW1lJTNF&#8221;][\/vc_column_inner][\/vc_row_inner][vc_separator][vc_row_inner][vc_column_inner width=&#8221;1\/2&#8243;][vc_message message_box_style=&#8221;solid-icon&#8221; style=&#8221;square&#8221; message_box_color=&#8221;pink&#8221; icon_fontawesome=&#8221;fa fa-subway&#8221;]<strong>Metro \/\/\u00a0Ligne 13<br \/>\n<\/strong>Mairie de Clichy<br \/>\n<em>(Zone 2)<\/em>[\/vc_message][vc_message message_box_style=&#8221;solid-icon&#8221; style=&#8221;square&#8221; message_box_color=&#8221;green&#8221; icon_fontawesome=&#8221;fa fa-train&#8221;]<strong>Train SNCF<br \/>\n<\/strong>Gisors\u00a0\/<br \/>\nGare St Lazare[\/vc_message][vc_message message_box_style=&#8221;solid-icon&#8221; style=&#8221;square&#8221; message_box_color=&#8221;green&#8221; icon_fontawesome=&#8221;fa fa-train&#8221;]<strong>Train SNCF<br \/>\n<\/strong>Cergy-le-Haut \/<br \/>\nGare St Lazare[\/vc_message][vc_message message_box_style=&#8221;solid-icon&#8221; style=&#8221;square&#8221; message_box_color=&#8221;green&#8221; icon_fontawesome=&#8221;fa fa-train&#8221;]<strong>Train SNCF<br \/>\n<\/strong>Versailles-Rive Droite \/<br \/>\nGare St Lazare[\/vc_message][\/vc_column_inner][vc_column_inner width=&#8221;1\/2&#8243;][vc_message message_box_style=&#8221;solid-icon&#8221; style=&#8221;square&#8221; message_box_color=&#8221;pink&#8221; icon_fontawesome=&#8221;fa fa-train&#8221;]<strong>RER \/\/ Ligne C<\/strong><br \/>\nPorte de Clichy<br \/>\n<em>(Zone 1)<\/em>[\/vc_message][vc_message message_box_style=&#8221;solid-icon&#8221; style=&#8221;square&#8221; message_box_color=&#8221;blue&#8221; icon_fontawesome=&#8221;fa fa-bus&#8221;]<strong>BUS\u00a0\/\/ Ligne 174<\/strong><br \/>\nGARE DE SAINT DENIS-RER-TRAMWAY \/<br \/>\nLA DEFENSE-METRO-RER-TRAMWAY[\/vc_message][vc_message message_box_style=&#8221;solid-icon&#8221; style=&#8221;square&#8221; message_box_color=&#8221;blue&#8221; icon_fontawesome=&#8221;fa fa-bus&#8221;]<strong>BUS\u00a0\/\/ Ligne 54<\/strong><br \/>\nGABRIEL PERI-METRO \/<br \/>\nPORTE D&#8217;AUBERVILLIERS[\/vc_message][vc_message message_box_style=&#8221;solid-icon&#8221; style=&#8221;square&#8221; message_box_color=&#8221;blue&#8221; icon_fontawesome=&#8221;fa fa-bus&#8221;]<strong>BUS\u00a0\/\/ Ligne HB<\/strong><br \/>\nSAINT-OUEN RER \/<br \/>\nGABRIEL PERI-METRO[\/vc_message][\/vc_column_inner][\/vc_row_inner][\/vc_column][\/vc_row]\n<\/div><\/div>","protected":false},"excerpt":{"rendered":"<p>[vc_row][vc_column][vc_row_inner][vc_column_inner width=&#8221;1\/3&#8243;][vc_column_text]Lyc\u00e9e ouvert de 9h a 18h sauf le week-end, jours f\u00e9ri\u00e9s, vacance scolaire Secr\u00e9tariat : 06 xx xx xx xx Directeur : 06 xx xx xx xx[\/vc_column_text][\/vc_column_inner][vc_column_inner width=&#8221;2\/3&#8243;][\/vc_column_inner][\/vc_row_inner][vc_row_inner][vc_column_inner][vc_gmaps link=&#8221;#E-8_JTNDaWZyYW1lJTIwd2lkdGglM0QlMjI2MDAlMjIlMjBoZWlnaHQlM0QlMjI1MDAlMjIlMjBmcmFtZWJvcmRlciUzRCUyMjAlMjIlMjBzY3JvbGxpbmclM0QlMjJubyUyMiUyMG1hcmdpbmhlaWdodCUzRCUyMjAlMjIlMjBzcmMlM0QlMjJodHRwcyUzQSUyRiUyRm1hcHMuZ29vZ2xlLmNvbSUyRm1hcHMlM0ZxJTNEMjMlMjBSdWUlMjBGZXJuYW5kJTIwUGVsbG91dGllciUyQyUyMDkyMTEwJTIwQ2xpY2h5JTJDJTIwRnJhbmNlJTJDJTIwJTI2dCUzRCUyNnolM0QxNCUyNmllJTNEVVRGOCUyNml3bG9jJTNEJTI2b3V0cHV0JTNEZW1iZWQlMjIlMjBtYXJnaW53aWR0aCUzRCUyMjAlMjIlM0UlM0NhJTIwY2xhc3MlM0QlMjJhZGRtYXBzJTIyJTIwaHJlZiUzRCUyMmh0dHAlM0ElMkYlMkZ3d3cubWFwLWVtYmVkLmNvbSUyRnRyJTJGJTIyaWQlM0QlMjJnZXQtbWFwLWRhdGElMjIlMjBtY2VfaHJlZiUzRCUyMmh0dHAlM0ElMkYlMkZtYXBzLmdvb2dsZS5jb20lMkZtYXBzJTJGYXBpJTJGanMlM0ZzZW5zb3IlM0RmYWxzZSUyMiUzRW1hcC1lbWJlZC5jb20lM0MlMkZhJTNFJTNDc3R5bGUlM0UlMjNnbWFwX2NhbnZhcyUyMGltZyU3Qm1heC13aWR0aCUzQW5vbmUlMjFpbXBvcnRhbnQlM0JiYWNrZ3JvdW5kJTNBbm9uZSUyMWltcG9ydGFudCU3RCUzQyUyRnN0eWxlJTNFJTNDJTJGaWZyYW1lJTNF&#8221;][\/vc_column_inner][\/vc_row_inner][vc_separator][vc_row_inner][vc_column_inner width=&#8221;1\/2&#8243;][vc_message message_box_style=&#8221;solid-icon&#8221; style=&#8221;square&#8221; message_box_color=&#8221;pink&#8221; icon_fontawesome=&#8221;fa fa-subway&#8221;]Metro \/\/\u00a0Ligne 13 Mairie de<\/p>\n","protected":false},"author":1,"featured_media":744,"parent":0,"menu_order":0,"comment_status":"closed","ping_status":"closed","template":"","meta":{"_crdt_document":"","footnotes":""},"categories":[67],"class_list":["post-1661","page","type-page","status-publish","has-post-thumbnail","hentry","category-da"],"_links":{"self":[{"href":"https:\/\/lyc-auffray-clichy.ac-versailles.fr\/index.php\/wp-json\/wp\/v2\/pages\/1661","targetHints":{"allow":["GET"]}}],"collection":[{"href":"https:\/\/lyc-auffray-clichy.ac-versailles.fr\/index.php\/wp-json\/wp\/v2\/pages"}],"about":[{"href":"https:\/\/lyc-auffray-clichy.ac-versailles.fr\/index.php\/wp-json\/wp\/v2\/types\/page"}],"author":[{"embeddable":true,"href":"https:\/\/lyc-auffray-clichy.ac-versailles.fr\/index.php\/wp-json\/wp\/v2\/users\/1"}],"replies":[{"embeddable":true,"href":"https:\/\/lyc-auffray-clichy.ac-versailles.fr\/index.php\/wp-json\/wp\/v2\/comments?post=1661"}],"version-history":[{"count":4,"href":"https:\/\/lyc-auffray-clichy.ac-versailles.fr\/index.php\/wp-json\/wp\/v2\/pages\/1661\/revisions"}],"predecessor-version":[{"id":1917,"href":"https:\/\/lyc-auffray-clichy.ac-versailles.fr\/index.php\/wp-json\/wp\/v2\/pages\/1661\/revisions\/1917"}],"wp:featuredmedia":[{"embeddable":true,"href":"https:\/\/lyc-auffray-clichy.ac-versailles.fr\/index.php\/wp-json\/wp\/v2\/media\/744"}],"wp:attachment":[{"href":"https:\/\/lyc-auffray-clichy.ac-versailles.fr\/index.php\/wp-json\/wp\/v2\/media?parent=1661"}],"wp:term":[{"taxonomy":"category","embeddable":true,"href":"https:\/\/lyc-auffray-clichy.ac-versailles.fr\/index.php\/wp-json\/wp\/v2\/categories?post=1661"}],"curies":[{"name":"wp","href":"https:\/\/api.w.org\/{rel}","templated":true}]}}